- 102. Suppose 6*r - 161 = -d. What is the units digit of r?
9
What is the hundreds digit of (-2 + -4 + 1147)*80/56?
6
Let k = 1531 + -564. What is the hundreds digit of k?
9
Let q(d) = -34*d + 51. Let w be q(7). Let r = -9 - w. What is the hundreds digit of r?
1
Suppose 4 + 20 = j + 4*y, -5*j - 4*y + 72 = 0. Suppose -g + j = g. Suppose 0 = -u + g*u - 195. What is the tens digit of u?
3
What is the tens digit of (-8578)/(-10) + -6 + 4/(-5)?
5
Suppose -n + 3*n = -2*j + 376, -374 = -2*j - 3*n. What is the hundreds digit of j?
1
Let t(h) = -7*h**3 + h**2 + h - 21. Let q(v) = -6*v**3 + v**2 + v - 21. Let f(b) = -6*q(b) + 5*t(b). Let y be f(0). Let j = 7 + y. What is the units digit of j?
8
Let b = 5 + 3. Let x = 7 + -9. What is the units digit of b/((-8)/6 - x)?
2
Let h(j) = -2*j**3 - 2*j**2 - 2*j - 3. Let a be h(-2). Let d be (-40)/(-3)*a/6. Let q = 44 - d. What is the units digit of q?
4
Suppose 0 = -13*x + 11*x - 636. Let l = -140 - x. What is the tens digit of l?
7
Suppose -31611 = -30*n - 4071. What is the hundreds digit of n?
9
What is the hundreds digit of (8/(-6))/((-124)/135873)?
4
What is the tens digit of (7 + -4)*(-5 - (-816)/18)?
2
Suppose 4*v + 4*y = -4, -2*y = 4*v + 3*y + 4. Let b = v - -1. Suppose b*c + c - 22 = 0. What is the units digit of c?
2
Suppose 4*d = -2*z + 48, 3*z + 2*d - 78 = -z. Let y = 40 + z. What is the tens digit of y?
5
What is the units digit of (-5592)/(-32)*9/((-36)/(-16))?
9
Let g(u) = 2*u - 10. Let r be g(7). Let a be (-4 + r)/((-8)/(-2)). Suppose -v - 4*k + 47 = 0, a = 3*v - 0*k + 4*k - 101. What is the units digit of v?
7
What is the hundreds digit of 4 + 240 + (7 - 1)?
2
Suppose 394 = z + p - 481, 4*p = 4*z - 3476. What is the units digit of z?
2
Let o(a) = a. Let s be o(9). Let i be (10/(-8))/(s/(-252)). Suppose -5*m = -0*m - i. What is the units digit of m?
7
Suppose 159*p - 165*p + 126 = 0. What is the units digit of p?
1
Suppose 2*a = 12*a - 5430. Suppose 0 = 3*m - 3, 4*s - s = 3*m + a. What is the tens digit of s?
8
Let l(o) = o**3 - 7*o**2 + o + 8. What is the units digit of l(8)?
0
Let a(y) = -y**3 - 14*y**2 - 15*y - 42. What is the units digit of a(-16)?
0
Suppose 115 = -6*m + 271. Let n = m + 40. What is the tens digit of n?
6
Let t(r) = r**3 - 8*r**2 + 2. Let x be t(8). Suppose x*g + g + 36 = 3*b, -2*g = -4*b + 26. Let l = g - -20. What is the units digit of l?
9
Suppose 3*o - 318 = 5*p, -o = -7*p + 2*p - 316. Let y = p + 97. What is the tens digit of y?
3
Let g be 30/(-9) + (-2)/3. Suppose -8 + 3 = 5*s. What is the units digit of (-105)/(-12) + s/g?
9
Let l(n) = n**3 + 11*n**2 + 19*n + 27. Let m = -1 - 7. What is the tens digit of l(m)?
6
Suppose -540 = -t - 0*t - 3*z, -5*t + 2640 = -5*z. What is the hundreds digit of t?
5
Suppose -4*l + 710 = 2*p, -97 = p + 4*l - 452. Let i = 558 - p. What is the hundreds digit of i?
2
Let g(r) = r**3 - 10*r**2 + 2*r + 3. Suppose -20 = c - 3*c. What is the units digit of g(c)?
3
Suppose 107*f - 25371 = 98*f. What is the hundreds digit of f?
8
Suppose -1363 = -2*r - 309. What is the units digit of r?
7
Suppose -4*l + 6*l - 194 = 0. Suppose 0 = 3*c - 26 - l. What is the units digit of c?
1
Let n(c) = -5*c + 41. Let u be n(10). What is the tens digit of 6/u - 1/((-6)/1240)?
0
Let x = -718 + 1304. What is the tens digit of (-1)/(-3) - x/(-6)?
9
Suppose -2*b + 2*u = 6, -5*u + 3*u = 4*b. Suppose 3*n + 0 = -12. What is the units digit of (-8)/b - (2 + n)?
0
Let k(g) = -10*g - 4. Let a be k(-11). Let u = 8 + a. What is the tens digit of u?
1
Let q be -85 + (1 - 4) + 2. Let r = q - -346. What is the hundreds digit of r?
2
Suppose 0 = -3*t - 0 - 9. What is the units digit of (2/t + 15/3)*6?
6
Suppose d - 8 = -4*o, d - 3*o - 3 = -2*o. Suppose d*u + 3*n = -0*n + 606, 0 = -4*n - 8. What is the hundreds digit of u?
1
Suppose 0 = -3*u + 4*u - 5*g - 4, 2*u - 8 = -2*g. What is the tens digit of ((-10)/u*1)/((-2)/84)?
0
Let g = 2843 + -1900. What is the tens digit of g?
4
Suppose 10*r - 3*r - 3934 = 0. What is the hundreds digit of r?
5
Suppose -5*k + 3*h = -7, -3 = -4*h + 1. Let z(o) = 126*o**k + 3*o**3 - o - 131*o**2 - 2*o**3 - 14. What is the units digit of z(6)?
6
What is the hundreds digit of (-740 - (-3 + 9))*2/(-4)?
3
Let k = 1865 + -776. What is the thousands digit of k?
1
Let o = 532 + -10. What is the hundreds digit of o?
5
What is the tens digit of (-16 + -1)*(7 - 25)?
0
Let b = 5 - -223. What is the units digit of b?
8
Let p(t) = -t**2 - 31*t - 2. Let w be p(-6). Let b = -85 + w. What is the units digit of b?
3
Let w(q) = 21*q**2 - q + 9. Let u be w(4). Let k = u + -137. What is the units digit of k?
4
Suppose 5*b - 4*a + 28 = 0, -3*b + 0*a = 5*a + 2. Let q(p) = p**2 + 4*p + 9. Let l be q(b). What is the units digit of l - (5 + -3 + 1)?
6
Let b = -3463 + 5326. What is the hundreds digit of b?
8
Let u = -9 - -9. Suppose 4*b + 0*n = -n - 2, u = 2*b + 3*n + 6. Suppose b = -4*r + 13 + 63. What is the units digit of r?
9
Suppose -5*u = 3*c - 373, 5*c + 0*u - 667 = 3*u. What is the units digit of c?
1
Suppose j - 3 = -0*j, 5*m - 2*j = 384. Let r = 117 - m. What is the units digit of r?
9
Let r = 1332 - 884. Suppose 36 = -4*a + r. What is the tens digit of a?
0
Let n = -14223 - -19928. What is the thousands digit of n?
5
Suppose 5*v - 2*j - 1488 = 0, 0*v - 3*v = -4*j - 904. Let u = v - 176. What is the tens digit of u?
2
Suppose 2*y - 4*f = -0*y + 810, 3*y + 4*f = 1215. What is the units digit of y?
5
Let z(n) = 6 - 3 - 3 - 2*n. Let s be z(-2). Suppose -s*u + 18 = -2*u. What is the units digit of u?
9
Let y = 16 - 76. Let b = y + 25. Let s = -22 - b. What is the units digit of s?
3
Let g be 44/(6 + -2) + 3. Let o be (-47)/(-5) + g/(-35). What is the tens digit of (-1)/3 - (-408)/o?
4
Let m be (1/2)/(3/30). Let i be (-5)/25 + 66/m. Suppose -4*v + i = -55. What is the tens digit of v?
1
Let o(y) = 3*y**3 - 3*y**2 + 2*y - 3. Let f be o(2). Let p = f + -8. Suppose -78 = -2*n + 4*g, 4*n = -3*g + p*g + 168. What is the tens digit of n?
4
What is the hundreds digit of 9408/15 - (-9)/(-45)?
6
Let z(g) = 6*g - 1. Let m be z(-1). Let a = m + 7. Suppose a*l - l = -22. What is the units digit of l?
2
Suppose -6906 = -7*i + 2922. What is the hundreds digit of i?
4
Let x = 1085 + -1084. What is the units digit of x?
1
Let y = -1011 + 4755. What is the thousands digit of y?
3
Let v = 9 + -11. Let x(a) = a**3 - 7*a**2 + 3*a + 1. Let t(h) = 4*h**3 - 22*h**2 + 8*h + 4. Let y(m) = v*t(m) + 7*x(m). What is the units digit of y(-6)?
5
Let v(y) = -y**3 - 21*y**2 + 57*y - 23. What is the tens digit of v(-24)?
3
Let x(l) = 6*l**2 + 24*l - 136. What is the units digit of x(20)?
4
Suppose 2*r = -k + 7, -r = k - 0 - 6. Suppose 2 = -q + k. What is the units digit of 29 + (q - 2) + 3?
3
Let t(k) = 25*k**2 + 5*k - 9. What is the thousands digit of t(11)?
3
Suppose 0 = -4*y + 9*y - 10. Suppose -2*m + 0 = y. Let p(c) = -c. What is the units digit of p(m)?
1
Let k(p) = 79*p**2 - 1. Let m(v) = v**2 + 3*v - 5. Let g be m(-4). What is the units digit of k(g)?
8
What is the hundreds digit of 37936/216*9 + (-2)/(-6)?
5
Let d(n) = -n**3 + 6*n**2 + 10*n - 4. Let o be d(8). Let i = 77 + o. What is the units digit of i?
5
Let u = -296 - -450. What is the hundreds digit of u?
1
Let p = 1440 + -341. What is the units digit of p?
9
Let p(b) = -51*b - 1. Let q be p(4). Let n = -105 - q. Suppose 0 = 5*x - x - n. What is the tens digit of x?
2
Let j(w) = w**3 + 5*w + 4. Suppose 0*b = 6*b - 30. What is the tens digit of j(b)?
5
Suppose 192*x - 194*x + 6462 = 0. What is the thousands digit of x?
3
Let z be -2 + (271 - (0 - -2)). Suppose -2*f + z = f. What is the units digit of f?
9
Let n(o) be the first derivative of 5*o**4/6 + o**2/2 - 6*o + 5. Let v(c) be the first derivative of n(c). What is the tens digit of v(-1)?
1
What is the units digit of ((-3)/4)/((-195)/742820)?
7
Let n(f) = 2 - 2 - 6*f. Let a be n(10). What is the units digit of (-24)/84 - a/14?
4
Suppose 2*z + 3*n = -2*n + 465, 5*z - 1178 = 3*n. What is the tens digit of (12/(-10))/(1*(-1)/z)?
8
Suppose -6717 = -4*p + 4*s - 1749, p - 1234 = 3*s. What is the units digit of p?
6
Let d(j) = 9*j**3 - 11*j**2 + 52*j - 13. What is the thousands digit of d(8)?
4
Suppose -2*p + 3 = -n + 17, -2 = -p. Suppose -2*j + 48 = n. What is the units digit of j?
5
Let j(n) 